t is 757 - -4?
763
In base 15, what is 127 - 6?
121
In base 14, what is -3 - 126?
-129
In base 3, what is -10021 + -21?
-10112
In base 16, what is 1 + -1fdc?
-1fdb
In base 15, what is b1e4 + -1?
b1e3
In base 7, what is -41 - 5?
-46
In base 11, what is 22 + -3?
1a
In base 2, what is 10010110101000 - 1?
10010110100111
In base 16, what is 75d7 - 4?
75d3
In base 7, what is -3436 + -4?
-3443
In base 3, what is 12 - 12020200?
-12020111
In base 4, what is -32 - 1023?
-1121
In base 10, what is -5 + -64?
-69
In base 7, what is -232 + 12?
-220
In base 13, what is 1a - 19?
1
In base 9, what is -4 - -38?
34
In base 9, what is 5 - 5?
0
In base 13, what is 486 - -5?
48b
In base 7, what is 1131 - -2?
1133
In base 12, what is 88 - 12?
76
In base 10, what is -4 - -301?
297
In base 7, what is 2066 - 0?
2066
In base 6, what is 20132 - 2?
20130
In base 9, what is -10 + -8?
-18
In base 16, what is -4 - -2a0?
29c
In base 3, what is 21202112 + 1?
21202120
In base 16, what is 15 - 3?
12
In base 10, what is 70 + 2?
72
In base 3, what is 120 - 1121111?
-1120221
In base 2, what is 10 + -10100?
-10010
In base 10, what is 134 - 4?
130
In base 15, what is 34c + 2?
34e
In base 10, what is 131 + -11?
120
In base 5, what is -2430 - 3?
-2433
In base 13, what is 1 + -ca9?
-ca8
In base 2, what is -101 + 10?
-11
In base 12, what is 2 + -1107?
-1105
In base 7, what is -2 - 222?
-224
In base 11, what is -2 - -22?
20
In base 6, what is 0 - -224?
224
In base 16, what is -17c + -5?
-181
In base 3, what is -200 - -111?
-12
In base 11, what is 1853 + 5?
1858
In base 15, what is -b1 - -5?
-ab
In base 5, what is 423 - -11?
434
In base 13, what is 10 - 6ca?
-6ba
In base 9, what is -564 + -3?
-567
In base 14, what is 0 + 5aa?
5aa
In base 4, what is -10022 + 112?
-3310
In base 6, what is 513 - -1?
514
In base 8, what is 4 + -653?
-647
In base 14, what is 5 + 366?
36b
In base 9, what is 0 - -6?
6
In base 9, what is 72074 + -2?
72072
In base 5, what is 2 - -144421?
144423
In base 9, what is -13607 + -3?
-13611
In base 5, what is 41 + -200?
-104
In base 3, what is 20 + -202022?
-202002
In base 15, what is 2 - -95?
97
In base 11, what is -4 - 30?
-34
In base 12, what is 27b + 0?
27b
In base 10, what is 1 - 44?
-43
In base 13, what is 4 - -1a8?
1ac
In base 10, what is 648 - 4?
644
In base 11, what is 9a - -3?
a2
In base 7, what is 66 + -12?
54
In base 11, what is 69 - 7?
62
In base 6, what is 200 - 5?
151
In base 15, what is a3c - 0?
a3c
In base 5, what is -1 - -10403?
10402
In base 2, what is 100100000 + 100?
100100100
In base 12, what is 2 + a21?
a23
In base 15, what is 2 - 251a?
-2518
In base 12, what is 0 + -26?
-26
In base 6, what is -540 - -4?
-532
In base 10, what is -29 + -109?
-138
In base 10, what is 0 - 356?
-356
In base 7, what is -4 + 162?
155
In base 3, what is 2221220 - 2?
2221211
In base 8, what is 4 + -72?
-66
In base 9, what is -115 + 84?
-21
In base 11, what is 10 + -142a?
-141a
In base 4, what is -2 - -310?
302
In base 11, what is 71 - 3?
69
In base 5, what is 3202 - -3?
3210
In base 9, what is 0 + -61?
-61
In base 14, what is b5 + 3?
b8
In base 16, what is 1 + 32?
33
In base 16, what is -1 - -f?
e
In base 4, what is 232 - 302?
-10
In base 7, what is 400 - 6?
361
In base 16, what is -48a - a?
-494
In base 5, what is 1 - 320?
-314
In base 3, what is -1012 + -1020?
-2102
In base 2, what is 1001111111 + -100?
1001111011
In base 8, what is 10 + -43?
-33
In base 2, what is -10 + -110010?
-110100
In base 14, what is -3 - 7cd?
-7d2
In base 15, what is -2 + 9?
7
In base 5, what is -10 + 202?
142
In base 6, what is -4 + 15?
11
In base 7, what is 1 + -234?
-233
In base 5, what is 31103 + -10?
31043
In base 16, what is 440 + 3?
443
In base 9, what is -24 - 374?
-408
In base 5, what is 1121 + 10?
1131
In base 14, what is -285 + 3?
-282
In base 13, what is 5 + 17a3?
17a8
In base 7, what is -1 - -266?
265
In base 9, what is -108 - 3?
-112
In base 12, what is -3 + -a8?
-ab
In base 10, what is -3 - 3?
-6
In base 10, what is 1 + -216?
-215
In base 5, what is -112214 - -1?
-112213
In base 12, what is -2 + 3aa?
3a8
In base 9, what is 1 + -47?
-46
In base 9, what is -5 + 822?
816
In base 11, what is -447 - -9?
-439
In base 10, what is 53 - 5?
48
In base 5, what is 10 + -2231?
-2221
In base 15, what is -105 + 1?
-104
In base 2, what is 10001111110001 - 100?
10001111101101
In base 14, what is 1b + -10?
b
In base 13, what is 4 - -56?
5a
In base 14, what is 19 - -2cd?
308
In base 9, what is 3 - -2?
5
In base 7, what is 43 + -26?
14
In base 13, what is -a24 + 4?
-a20
In base 13, what is 5 - -247?
24c
In base 11, what is 101 + -8?
a4
In base 3, what is -22112 + 22?
-22020
In base 7, what is 513 - 0?
513
In base 7, what is -5 + 2341?
2333
In base 3, what is -11 - 1200?
-1211
In base 16, what is 2 - -30?
32
In base 7, what is -4 + 4403?
4366
In base 15, what is 6 + 3c?
43
In base 8, what is -4 - -4076?
4072
In base 7, what is 1 - 146?
-145
In base 3, what is -100001120 - 10?
-100001200
In base 11, what is 1925 - 0?
1925
In base 13, what is -66 + 3?
-63
In base 14, what is 5 - 40?
-39
In base 9, what is 10 - 78?
-68
In base 8, what is -20 + -10?
-30
In base 2, what is -1 - -11001110?
11001101
In base 2, what is -1010 - -1110000?
1100110
In base 16, what is -e7d - -5?
-e78
In base 13, what is -1 - 469?
-46a
In base 7, what is -13 + -3?
-16
In base 9, what is -47 + 7?
-40
In base 11, what is -a76 - -4?
-a72
In base 6, what is -3445 - 32?
-3521
In base 10, what is 125 - 2?
123
In base 3, what is -1 + 11110?
11102
In base 10, what is -17 + -1?
-18
In base 14, what is 69 - -4?
6d
In base 7, what is 205 - 3?
202
In base 10, what is -38 - 796?
-834
In base 4, what is 13311 - -10?
13321
In base 15, what is -9 + 259?
250
In base 3, what is 100 + -212?
-112
In base 11, what is -2 - -125?
123
In base 16, what is -5 + -847?
-84c
In base 5, what is -234 + -1?
-240
In base 9, what is 660 + 20?
680
In base 2, what is 10001111111100 - -1?
10001111111101
In base 10, what is 0 - 834?
-834
In base 9, what is -104 - 5?
-110
In base 15, what is 488 - -5?
48d
In base 8, what is -15316 + 1?
-15315
In base 4, what is 11 + 1202?
1213
In base 8, what is -20 - -106?
66
In base 14, what is -ac2 - 3?
-ac5
In base 7, what is 2 - -15223?
15225
In base 15, what is 14 - -4b?
60
In base 8, what is -225 - 12?
-237
In base 4, what is -2213 + -11?
-2230
In base 12, what is 1712 - -3?
1715
In base 6, what is 1205 + -1?
1204
In base 2, what is 100000 + 10001000111?
10001100111
In base 9, what is -2 + -134?
-136
In base 2, what is 111 + -10101111100?
-10101110101
In base 16, what is 7c - -3?
7f
In base 16, what is -2 + -a?
-c
In base 8, what is -60 - 46?
-126
In base 3, what is 1011 - -1?
1012
In base 8, what is -37 + -25?
-64
In base 12, what is 11a2 + -4?
119a
In base 6, what is 32 - 3?
25
In base 5, what is 12101 - -3?
12104
In base 3, what is -121 + 20?
-101
In base 15, what is -205 + -1?
-206
In base 11, what is -80 - 4?
-84
In base 2, what is 1 + -1000101?
-1000100
In base 4, what is 11 + 10023?
10100
In base 5, what is 22 + 4?
31
In base 5, what is 14301 - 4?
14242
In base 3, what is -1001102 - -11?
-1001021
In base 4, what is 1003 - -10?
1013
In base 2, what is 101011011 - 100?
101010111
In base 5, what is 41 + 2123?
2214
In base 8, what is -220 + 215?
-3
In base 14, what is 3 + 7c?
81
In base 4, what is -313122 - -3?
-313113
In base 11, what is -357 + 7?
-350
In base 12, what is -4 - 243a?
-2442
In base 12, what is -3 - -4b?
48
In base 13, what is 72a - 3?
727
In base 6, what is -405 - 2?
-411
In base 7, what is -1142 + 0?
-1142
In base 9, what is -23 - -5?
-17
In base 8, what is -1 + 51?
50
In base 16, what is -86 - -5?
-81
In base 13, what is 0 - 823?
-823
In base 3, what is 100 - -1102?
1202
In base 2, what is 101001000101 - 100?
101001000001
In base 13, what is 2 + 32?
34
In base 5, what is 221 + 221?
442
In base 10, what is 186 - 5?
181
In base 16, what is 3 + -19b?
-198
In base 16, what is 1f1 - 2?
1ef
In base 14, what is c6 + 1?
c7
In base 4, what is -113332 + -10?
-120002
In base 11, what is -a - -471?
462
In base 10, what is 38 - 5?
33
In base 15, what is 3d + -1?
3c
In base 15, what is b0 - 38?
77
In base 15, what is -3 - -187?
184
In base 12, what is 22 + -12?
10
In base 4, what is -20 + -10031?
-10111
In base 5, what i